**3 - 33*w**2 - 30*w + 90. What is the remainder when b(-32) is divided by 9?
8
Suppose -3 = -q - 1. Let o = q + 15. Suppose -2241 - 2206 = -95*x - 1312. What is the remainder when x is divided by o?
16
Let i(u) = -33*u + 134. Let j be i(4). Suppose -5*m - 20 = -3*a + 3, 26 = 2*a + j*m. What is the remainder when 205 is divided by a?
7
Let i = 610 + -199. Calculate the remainder when i is divided by 141.
129
Suppose -17*i = 38*i + 29370. Let r = 546 + i. Calculate the remainder when (6 + -3)/(6/112) is divided by r.
8
Suppose -5*l = p + 22, p - 3*p - 4*l - 14 = 0. Let f(k) = -606*k - 10211. Calculate the remainder when f(-17) is divided by p.
1
Suppose 842*l - 21741 - 22043 = 0. What is the remainder when l is divided by 66/(2*-1)*-1?
19
Suppose g = 4*k + 53 - 42, -g = 4*k - 27. Calculate the remainder when -1*(29 + 2)*-2 is divided by g.
5
Let j = -87 + -89. Let v = j - -226. What is the remainder when 249 is divided by v?
49
Suppose -3*h - 68 = -4*k, -k + 5*h = -4*k + 80. Let j be (4/5)/(k/50). Calculate the remainder when ((-245)/10)/(-7)*j is divided by 5.
2
What is the remainder when 230 is divided by (36/(-15))/(-4) + 2 + 1641/15?
6
Let o(j) = j**2 - 5*j - 38. Let l be o(9). Calculate the remainder when 151 is divided by (l*51/(-9))/((-10)/(-15)).
15
Let c be ((-2)/(-10))/(5/(-3 + 128)). Suppose -85 = -5*y + v + 234, -3*y + 169 = c*v. What is the remainder when y is divided by 17?
12
Let q = 76 - 43. Suppose -135 = -20*m + 130 + 555. Calculate the remainder when 0 + 11/(q/360) is divided by m.
38
Suppose 6*f - 640 = -74*f. What is the remainder when 297 is divided by f?
1
Let v = 113 - 332. Let l = -20 - -45. What is the remainder when 1/(0 - 3)*v is divided by l?
23
Let j be (-1)/2*(-7 - -1). What is the remainder when 110 is divided by ((-12)/150*-15)/(j/70)?
26
Suppose -x + 97 = -148 + 41. What is the remainder when 1388 is divided by x?
164
Suppose 7*n - 4*n - 60 = 4*p, 2*n - 40 = 2*p. Suppose -h - 8 = -n. Calculate the remainder when 22 is divided by h.
10
Let d(t) = 3*t**2 + 64*t + 345. Suppose -4*v = -3*q - 147, -q + 51 = 2*v + 2*q. Calculate the remainder when v is divided by d(-9).
9
What is the remainder when (-17)/((-13)/(579 + -20)) is divided by 354?
23
Suppose -b + 4 = -6*o + 7*o, 5*b - 14 = -2*o. Suppose 261 = 27*g + b*g. What is the remainder when 34 is divided by g?
7
Let p = 287 + -282. Suppose 813 + 38 = p*a + 4*s, -3*s + 12 = 0. What is the remainder when a is divided by 17?
14
Calculate the remainder when (784/21 - -9)/(-10*7/(-210)) is divided by (-4)/6 - (-46)/6.
6
Let h be (8 - -2)*1/2. Suppose -22 = -3*r - h*g, -g + 2*g = 2*r + 7. Let k(j) = 9*j**2 + 2*j + 2. Calculate the remainder when 17 is divided by k(r).
8
Let s = -2982 - -3550. What is the remainder when s is divided by 3?
1
Let z(g) = 2*g**2 + 184*g + 908. What is the remainder when 85 is divided by z(-87)?
9
Suppose -342 = -5*v + 28. Suppose -u - o + 74 = -2*o, -u + 4*o = -68. Suppose -v*p = -78*p + u. What is the remainder when 48 is divided by p?
10
What is the remainder when 552 is divided by (-632)/(-6) + 2/(-26) + (-232)/(-312)?
22
Let k(q) = -7*q**2 + 12. Let a(r) = 21*r**2 - 37. Let s(l) = -2*a(l) - 7*k(l). Calculate the remainder when s(3) is divided by 15.
8
What is the remainder when (6/(-4))/(1/(-296)) is divided by 80/(-24)*((-316)/711 + (-196)/45)?
12
Let g(x) = x**3 - 75*x**2 - 233*x + 147. What is the remainder when g(78) is divided by 19?
16
Let x = 11862 + -11855. Suppose -3 = -5*a + 32. What is the remainder when a is divided by x?
0
Suppose 0*i - i + 12 = 3*v, -32 = -5*i - v. Calculate the remainder when 2891 is divided by i.
5
Let a = -26 - 16. Calculate the remainder when (a/(-63))/((-2)/(-747)) is divided by 21.
18
Let o = 498 - 319. Let b(w) = w**2 + 10*w - 8. Let s be b(-11). Calculate the remainder when o/(-9)*s*-3 is divided by 45.
44
Suppose j + 0*j = -4*g + 40, 3*j = g + 3. Let v(l) = -18*l**3 + 2*l**2 - 5*l - 21. What is the remainder when v(-2) is divided by g?
6
Let u = -217 + 227. Suppose -5*x - 8 = -23. Suppose 0 = x*m - 6, 0*m + 2*m = -v + 32. What is the remainder when v is divided by u?
8
Suppose 106*x = 55*x + 6273. What is the remainder when 1719 is divided by x?
120
Suppose -5*j = 2*q - 239, 0 = -j - q + 59 - 13. Let d be 24*((-340)/(-30) - 8). Let n = d - j. What is the remainder when n is divided by 5?
1
Let j be ((-18)/(-27))/(-1 + 1887/1890). Let r = -254 - j. What is the remainder when r is divided by 45?
31
What is the remainder when -279*(-200)/225 + (0 - 10) is divided by 34?
0
Suppose 4*u - 11*u = 8*u - 150. Calculate the remainder when 2968 is divided by u.
8
Let i = 788 - -559. What is the remainder when i is divided by 150?
147
Let g(z) = z**2 - 93*z - 887. What is the remainder when g(-9) is divided by 20?
11
Let u = -23 + 28. Suppose -11 = -4*b + t - 2, u*t = -b + 18. Let a(r) = 11*r - 10. What is the remainder when a(b) is divided by 9?
5
Suppose -128 = -3*b + 4*n, 3*b - 2*n - 103 - 21 = 0. What is the remainder when 104 is divided by b?
24
Suppose 4 = 7*c - 101. Suppose 129 = -4*o - 3*a, 4*o = 9*o + 3*a + 162. Let n = o - -39. What is the remainder when c is divided by n?
3
Let h = 3142 + -2177. Suppose 5*f + 2*v - 995 = 0, -7*f = -2*f - 4*v - h. Calculate the remainder when f is divided by 25.
22
Let w = -18349 - -18392. Calculate the remainder when 80 is divided by w.
37
Let j(l) = -33*l + 1. Let h(d) = -15 + d + 17 - 12 + 3*d**2 + 6. What is the remainder when j(-2) is divided by h(2)?
7
Suppose 76 = 2*b + 3*l, -705*b = -704*b + 4*l - 53. Let g = -79 + 117. Let d = g - 27. Calculate the remainder when b is divided by d.
7
Let a(k) = -k**2 - 10*k - 8. Let d be a(-1). Let c(x) = 3*x**2 - 5*x + 6. Calculate the remainder when (8/(-4))/(2/(-16)) is divided by c(d).
0
Suppose 154 = 21*p - 14*p. Suppose -1764 = -47*n + 633. What is the remainder when n is divided by p?
7
Let i be (-873)/1164 - 2/(-8)*11. What is the remainder when 583 + 3 + 0/i is divided by 31?
28
Let p(a) = a**3 - 7*a**2 - 2029*a + 18142. Calculate the remainder when p(9) is divided by (-10)/(-3)*(-18)/(-4).
13
Suppose 2222*l - 2226*l = 4228. Let t = l + 1090. Let n = 251 - 56. Calculate the remainder when n is divided by t.
30
Suppose -104 = -2*i - 6*i. Suppose 286 + 91 = i*m. What is the remainder when 171 is divided by m?
26
Suppose -103*b = 823 - 11432. What is the remainder when 136 is divided by b?
33
Let n = 14 - 11. Let h(x) = x**3 - 10*x**2 - 14*x. Let g be h(10). What is the remainder when ((g/8)/7)/(1/(-2)) is divided by n?
2
Suppose -2*g + 22 = 4*q, -2*q + 6 = 2*g - 8. Suppose g*v = 6*t - 9*t + 27, 0 = 2*t - 6. Calculate the remainder when v is divided by 6.
0
Let c = -14 + 11. Let m(x) = 4*x - 61. What is the remainder when 1/(4 - ((-816)/(-117) + c)) is divided by m(17)?
4
Suppose -49*j + 849 + 11842 = 0. What is the remainder when j is divided by 64?
3
Suppose -4*r - 2*r = -24. Let b = r + -3. Let t = -35 - -37. Calculate the remainder when t is divided by b.
0
Suppose 793 + 402 = 23*r - 323. What is the remainder when r is divided by 34?
32
Let c = -19 - -22. Suppose -c*n + 5 = -2*n. Let g = 9 - n. Calculate the remainder when g is divided by 1.
0
Let d be (-1)/4 + (-1449)/(-36). Let y be (-180)/d*(-2)/3. Suppose y*c - 77 = -2*i, 175 = 5*i - c + 5*c. Calculate the remainder when 123 is divided by i.
30
Let w(g) = -56*g + 3. Let n be w(-2). Suppose 0 = -27*a + n + 182. Let u = -7 + 27. Calculate the remainder when u is divided by a.
9
Suppose -24*s + 29*s + 716 = 4*n, -n - 3*s = -196. Let t = n + -172. Suppose 2*l - 108 = 34. What is the remainder when l is divided by t?
11
Let r be 5 - 8 - 7*-1. Suppose -268 = 4*a + v, r*a = 2*v - 0*v - 280. Let w = 85 + a. What is the remainder when 47 is divided by w?
13
Let r(d) = -25*d - 1021. What is the remainder when 771 is divided by r(-42)?
17
Suppose -34939 = -25*s - 28614. Calculate the remainder when s is divided by 162.
91
Suppose -35*x - 91 = -22*x. Calculate the remainder when (-2784)/(-56) - 2/x is divided by 14.
8
Suppose 19720 = 107*n - 4141. Suppose 5*g - 128 = g. What is the remainder when n is divided by g?
31
Suppose -3*n + 51 = 2*n + 3*a, 2*n + 8*a = 0. Calculate the remainder when 1984 is divided by n.
4
Let o(l) = -8*l**2 - 210*l - 395. Calculate the remai